uppose -5*s + 453 = 2*x, 1117 = 5*x - s - r*s. Suppose -16*b + 12*b = -x. What is the tens digit of b?
5
Let d(f) = f**2 - 2*f - 3. Let a be d(3). Suppose a = k + k - 6. Suppose 15 + 24 = k*h. What is the tens digit of h?
1
Let q(g) = -115*g. Let s be 3/(3/(-1))*1. Let m be q(s). Suppose -4*k - k = -m. What is the tens digit of k?
2
Suppose 2*g + 3*i + 96 = 7*g, 12 = 4*i. Suppose -g*t - 130 = -23*t. What is the units digit of t?
5
Let u be ((-342)/12)/(-3) + 1/2. Let w = -5 + u. What is the units digit of w?
5
Let b = 734 + -73. What is the tens digit of b?
6
Let r = -253 - -800. What is the tens digit of r?
4
Suppose 3*k + 25 = 8*k. Suppose k*a = -4*t + 292, -6*a - t + 171 = -3*a. What is the tens digit of a?
5
Let z(x) = 272*x - 197. What is the tens digit of z(5)?
6
Let b = 88 + -115. Suppose -5*o = 3*r - 272, o + r - 108 = -o. Let v = b + o. What is the tens digit of v?
2
Suppose -4*c = -3*c + 19. Let h be 38 - 0/3 - 2. Let g = h + c. What is the tens digit of g?
1
Suppose -3*j - 4*h + 24 = 0, 0 = -4*j + j + h + 24. What is the units digit of 95*7/4 - 2/j?
6
Let i be (-4 + 2 + -16)/(1/(-6)). Suppose -i = -3*v + 189. What is the units digit of v?
9
Let c(b) = 78*b**2 - 44*b - 269. What is the tens digit of c(-7)?
6
Suppose -3*r - 1040 = -3*m + m, -4*m - 1360 = 4*r. What is the tens digit of r/(-12) - (-8)/6?
3
Suppose 4*f - 1860 = -k + 1266, k = -f + 3129. What is the units digit of k?
0
Suppose -11*y - 8 = -52. Suppose w - 3*d - 41 = -d, -2*d + 114 = y*w. What is the units digit of w?
1
What is the tens digit of -10*(640/(-25) - 2)?
7
Suppose 0 = 16*o - 11*o - 26985. What is the thousands digit of o?
5
Suppose -27*y + 8078 = -18760. What is the hundreds digit of y?
9
What is the tens digit of ((-1688)/(-12))/(4/18)?
3
Let h(r) = -6*r**2 + 18*r + 1. Let c(s) = -6*s**2 + 18*s + 2. Let n(j) = -6*c(j) + 5*h(j). What is the tens digit of n(7)?
6
Let p be (-1)/(2/12*-2). Let d = -2 + p. Suppose 4*y + 9 = i, -4*i - y - d = -3*i. What is the units digit of i?
1
Let p(x) be the first derivative of x**7/840 - x**6/120 - x**4/12 + 2*x**3 + 5. Let t(d) be the third derivative of p(d). What is the tens digit of t(4)?
1
Let l = -52 + 498. What is the units digit of l?
6
Let b = -900 + 1170. What is the hundreds digit of b?
2
Suppose 27 = 5*n - 3. What is the tens digit of (-36)/(-8)*80/n?
6
Let r(f) = -f**2 + 7*f + 8. Let i be r(7). Let s(v) = 4*v**2 + 3*v + 3. Let c be s(-2). Let w = c - i. What is the units digit of w?
5
Let a = -4835 + 7255. What is the thousands digit of a?
2
Let c = -27 + 44. Let s = 6 - 3. Suppose -s*i + c = -28. What is the units digit of i?
5
Suppose -13*t + 24166 = 2443. What is the hundreds digit of t?
6
Let a = 38 + -38. Suppose a = -2*x - x + 75. What is the units digit of x?
5
Suppose 50*w - 57*w + 413 = 0. What is the units digit of w?
9
Let v(m) = 11*m**2 - 82*m + 1. What is the tens digit of v(16)?
0
Suppose 125490 - 354026 = -44*k. What is the hundreds digit of k?
1
Let p(m) = 32*m + 9. What is the hundreds digit of p(4)?
1
Let y(k) = 7*k - 2*k - 12 - 2*k - 16. What is the units digit of y(14)?
4
Let n(l) = -19*l - 420. What is the units digit of n(-27)?
3
What is the tens digit of ((-27)/81)/((-2)/1368)?
2
Suppose -2 = 2*o - 2*s, 3*s - 8*s = -2*o + 7. Let m(x) = 4*x**2 + 8*x. What is the tens digit of m(o)?
3
Let j be ((-25)/3)/((-12)/(-36)). Let y = -23 - j. Suppose y*b - 4*i = 30 + 60, b = -i + 45. What is the units digit of b?
5
Let f = -37 - -57. Let n = f + -6. What is the tens digit of n?
1
Suppose -4*o - 6 = -2. Suppose -18 - 24 = -6*y. Let j = y - o. What is the units digit of j?
8
Let m(r) = -r**3 - r. Let l(u) = 2*u**3 + 13*u**2 + 15*u + 7. Let i(c) = -l(c) - 3*m(c). Let j be -3 - ((-255)/15 + (-2 - -2)). What is the units digit of i(j)?
1
Let x(p) = -71*p**3 + 6*p**2 + 14*p + 1. What is the hundreds digit of x(-2)?
5
Suppose 7*m - 8*m - 139 = 0. Let t = 205 + m. What is the tens digit of t?
6
What is the tens digit of ((-317)/(-2))/(1352/96 + -14)?
0
Let p = -1258 + 1792. What is the hundreds digit of p?
5
Let r = 368 + -237. Suppose -6 = -v - 1, 0 = -2*j + 3*v + r. What is the units digit of j?
3
Let j(n) = n + 27. Let z be j(-15). Suppose 0 = -m - 12 - z. Let h = 16 - m. What is the tens digit of h?
4
Let h(z) = -60 - 30 - 10*z + 15. What is the tens digit of h(-24)?
6
Let y(a) = 309*a**2 - 36*a + 102. What is the hundreds digit of y(3)?
7
Suppose -31*y - 15*y + 35604 = 0. What is the units digit of y?
4
Let m be 3/(30/28)*20. Suppose -w - 43 = -5. Let d = w + m. What is the tens digit of d?
1
Suppose 0 = -2*n - 2*w + 20, -n - n - 4*w = -18. Let k(f) = -21*f - 5. Let d(t) = 105*t + 26. Let j(u) = n*k(u) + 2*d(u). What is the tens digit of j(-2)?
3
Suppose 785 = f - 2*g, -5*f = 4*g - 0*g - 3981. What is the units digit of f?
3
Suppose -4*i + 9 = 25, 5*r - 2 = 3*i. What is the tens digit of (26/r)/(3/(-9))?
3
Let g = -2247 - -2804. What is the units digit of g?
7
Let v(q) = -15*q**3 + 8*q**3 + 6*q**3 + 4 - 3*q - 2*q**2. What is the tens digit of v(-6)?
6
Let m(n) = -3*n**3 + 3*n**2 - 4*n + 2. Let d be m(2). Suppose -a + 30 = o + o, 0 = o + 2*a - 12. Let x = o - d. What is the tens digit of x?
3
Let h = -1 + 4. Suppose t + 5*x = 6*t + 95, 2*t + 13 = -h*x. Let u = -7 - t. What is the units digit of u?
7
Suppose g + 5*h = 1213, h = 6*h. What is the units digit of g?
3
Let q(x) = 13*x**2 + 15*x + 129. What is the hundreds digit of q(-9)?
0
Suppose -10 = -5*a, -4*h + a = 3*a + 88. Let t = 112 - h. What is the units digit of t?
5
Let h(f) = -f**3 - 8*f**2 - 3*f + 10. Let d(c) = -7*c. Let b be d(1). Let g be h(b). Let x = g + 48. What is the units digit of x?
0
Let k(v) = v - 2. Let n be k(7). Let b(r) = 3*r - 4 - 3 + 4*r. What is the tens digit of b(n)?
2
Let l = 1658 - 311. What is the tens digit of l?
4
Let g = -142 - -134. Suppose 3 = -q, 4*d + 56 = q + 231. Let y = d + g. What is the tens digit of y?
3
Let s = 7 + -1. Let r = -76 + 78. Suppose -p = 2, -s*m + r*p = -3*m - 175. What is the units digit of m?
7
Let d be (-24)/(-9) + 8/(-12). Let z(k) = 7*k - 7. Let x be z(5). Suppose p + x = d*p. What is the units digit of p?
8
Let k = 1235 + -614. What is the tens digit of k?
2
Let s = 245 + 581. What is the tens digit of s?
2
Let g = -147 + 253. Let i = -40 + g. What is the units digit of i?
6
Let s(v) = 6*v**3 - 5*v**2 + 5*v + 16. What is the units digit of s(5)?
6
Let d = -27 + 31. Suppose 0 = -3*z - q - 3, 4*z + 18 - d = 2*q. What is the units digit of z/(-3) - (-192)/9?
2
Let d(x) = -x**3 + 7*x**2 - 2*x + 3. Let b = -6 - -12. What is the units digit of d(b)?
7
Suppose -5*w - 5*q + 247 = -213, 2 = q. What is the tens digit of ((-129)/15 + 5)*w/(-4)?
8
Let g be 10/4*(-8)/10. What is the units digit of -1*(-46 - (g - -1)*-3)?
9
Let t = 170 - -722. What is the hundreds digit of t?
8
Suppose 4*o = 8*o - 836. Suppose 4*d + x = 251, -4*d + o = -4*x - 27. What is the units digit of d?
2
Suppose -12*k + 26949 = 4845. What is the thousands digit of k?
1
Let x be (-1)/4 + 21/4. Let o(j) be the first derivative of j**2/2 - 85. What is the units digit of o(x)?
5
Let m = -31 - -21. Let a(p) = -2*p + 6 - 1 + 1 - 2. What is the units digit of a(m)?
4
Let i(t) = t**3 - 7*t**2 + 12*t - 12. Let z(h) = -h**3 + 6*h**2 - 12*h + 12. Suppose 2 = -3*u + 11. Let b(j) = u*i(j) + 2*z(j). What is the tens digit of b(8)?
2
Suppose 0 = 5*n - 0*n - 225. Let u be (-710)/4*(-10)/25. Let z = u - n. What is the tens digit of z?
2
Suppose y + 76 = -y + 2*v, 10 = 5*v. Let x = y + 41. What is the units digit of x?
5
Let y = -912 - -1839. What is the tens digit of y?
2
Let m = 129 + -126. What is the hundreds digit of m*(-3 - ((-358)/6 + 2))?
1
Suppose -s - 5 = 0, -2*d + 8*s = 3*s - 23. What is the units digit of (728/(-42))/(d/6)?
4
Suppose 0 = -15*q + 620 + 4360. What is the units digit of q?
2
Let i(m) = -9*m**3 - 6*m**2 - 10*m + 9. What is the tens digit of i(-8)?
1
Let b = 409 - 35. What is the tens digit of b?
7
Let a = -2707 + 3998. What is the hundreds digit of a?
2
Let h = -5160 + 7524. What is the hundreds digit of h?
3
What is the hundreds digit of (831*1 + -1)*42/105?
3
Let b(z) = -8*z**3 + z**2 - 1. Let x be b(1). Let d(u) = 16 - 2*u + 20 - 26. What is the units digit of d(x)?
6
Suppose -3*c - 86 = -4*c. What is the tens digit of